digit of 166307644?
7
What is the millions digit of 986564418?
6
What is the tens digit of 2155082825?
2
What is the ten millions digit of 2001409777?
0
What is the ten thousands digit of 13836125?
3
What is the ten millions digit of 390101790?
9
What is the units digit of 1615473869?
9
What is the ten millions digit of 213275869?
1
What is the ten thousands digit of 1196262928?
6
What is the thousands digit of 2900335793?
5
What is the units digit of 1739418802?
2
What is the hundreds digit of 239267042?
0
What is the thousands digit of 43369688?
9
What is the hundreds digit of 1972509981?
9
What is the hundred millions digit of 931368989?
9
What is the units digit of 55287159?
9
What is the units digit of 31225440?
0
What is the tens digit of 10660374?
7
What is the thousands digit of 945948463?
8
What is the millions digit of 2061068398?
1
What is the ten thousands digit of 182138704?
3
What is the tens digit of 325541277?
7
What is the tens digit of 50563454?
5
What is the thousands digit of 3875378203?
8
What is the millions digit of 131434047?
1
What is the ten thousands digit of 529548329?
4
What is the ten millions digit of 342378238?
4
What is the tens digit of 375933483?
8
What is the ten millions digit of 69258913?
6
What is the hundred thousands digit of 121852244?
8
What is the thousands digit of 866954562?
4
What is the hundred thousands digit of 106691977?
6
What is the ten millions digit of 3098110957?
9
What is the millions digit of 4242627219?
2
What is the ten millions digit of 363210611?
6
What is the hundreds digit of 209671484?
4
What is the thousands digit of 49153548?
3
What is the ten millions digit of 51317953?
5
What is the thousands digit of 316077739?
7
What is the hundred millions digit of 175708827?
1
What is the millions digit of 42941666?
2
What is the millions digit of 645015967?
5
What is the ten millions digit of 23045889?
2
What is the millions digit of 72691566?
2
What is the hundred millions digit of 2196563333?
1
What is the millions digit of 513698066?
3
What is the ten thousands digit of 196000638?
0
What is the ten millions digit of 973456635?
7
What is the billions digit of 1688207183?
1
What is the thousands digit of 204877106?
7
What is the hundreds digit of 131303670?
6
What is the millions digit of 36929245?
6
What is the units digit of 752318357?
7
What is the units digit of 1024589885?
5
What is the millions digit of 2153140646?
3
What is the ten thousands digit of 22741292?
4
What is the ten millions digit of 20281801?
2
What is the thousands digit of 3442464789?
4
What is the hundreds digit of 798424143?
1
What is the ten thousands digit of 75448125?
4
What is the hundreds digit of 260417359?
3
What is the units digit of 17780618?
8
What is the hundred millions digit of 166524917?
1
What is the tens digit of 46061331?
3
What is the units digit of 78397140?
0
What is the millions digit of 587782593?
7
What is the ten thousands digit of 99610040?
1
What is the hundred thousands digit of 91519935?
5
What is the units digit of 170368031?
1
What is the thousands digit of 264169408?
9
What is the units digit of 51322310?
0
What is the tens digit of 204790596?
9
What is the hundreds digit of 39835591?
5
What is the millions digit of 687802532?
7
What is the ten thousands digit of 2778083027?
8
What is the millions digit of 50340547?
0
What is the hundred millions digit of 528241818?
5
What is the millions digit of 2551137035?
1
What is the tens digit of 246736264?
6
What is the thousands digit of 45875517?
5
What is the hundred thousands digit of 6005468230?
4
What is the thousands digit of 765366792?
6
What is the hundreds digit of 13877839?
8
What is the units digit of 48843871?
1
What is the hundred thousands digit of 4606203213?
2
What is the tens digit of 19532919?
1
What is the hundred millions digit of 2724614543?
7
What is the ten millions digit of 2013175698?
1
What is the ten millions digit of 172750216?
7
What is the thousands digit of 318654052?
4
What is the ten thousands digit of 13124095?
2
What is the billions digit of 2805077250?
2
What is the millions digit of 417145781?
7
What is the tens digit of 594817827?
2
What is the ten millions digit of 292045795?
9
What is the tens digit of 60466359?
5
What is the millions digit of 737821515?
7
What is the hundred millions digit of 185058755?
1
What is the ten millions digit of 19329961?
1
What is the ten millions digit of 425786309?
2
What is the billions digit of 2944684621?
2
What is the ten thousands digit of 4213282862?
8
What is the units digit of 11877906?
6
What is the millions digit of 29514715?
9
What is the hundred thousands digit of 11396204?
3
What is the millions digit of 75917055?
5
What is the thousands digit of 47665767?
5
What is the millions digit of 3502947436?
2
What is the millions digit of 67290615?
7
What is the ten millions digit of 1293348607?
9
What is the hundred millions digit of 1394712567?
3
What is the hundred thousands digit of 5642715095?
7
What is the ten thousands digit of 19974261?
7
What is the units digit of 81346028?
8
What is the units digit of 38425013?
3
What is the thousands digit of 33907456?
7
What is the ten millions digit of 235906953?
3
What is the ten millions digit of 107497638?
0
What is the millions digit of 600400378?
0
What is the units digit of 213235860?
0
What is the ten thousands digit of 22023897?
2
What is the hundred thousands digit of 1317635124?
6
What is the hundreds digit of 82220003?
0
What is the ten millions digit of 200077170?
0
What is the hundreds digit of 50341533?
5
What is the hundred thousands digit of 181745887?
7
What is the hundreds digit of 65573009?
0
What is the thousands digit of 183748411?
8
What is the thousands digit of 109538042?
8
What is the units digit of 518714953?
3
What is the tens digit of 305541363?
6
What is the ten thousands digit of 2107556684?
5
What is the hundred millions digit of 2371199636?
3
What is the ten thousands digit of 248938685?
3
What is the tens digit of 913081869?
6
What is the hundred millions digit of 272619237?
2
What is the units digit of 808614829?
9
What is the hundred thousands digit of 4115478921?
4
What is the tens digit of 13293953?
5
What is the tens digit of 8637512?
1
What is the ten thousands digit of 3419672420?
7
What is the ten millions digit of 192499560?
9
What is the hundreds digit of 536603440?
4
What is the billions digit of 1708419119?
1
What is the hundred millions digit of 226714259?
2
What is the ten millions digit of 2355739896?
5
What is the millions digit of 8523181?
8
What is the hundred thousands digit of 366614491?
6
What is the millions digit of 4476014730?
6
What is the ten millions digit of 113705993?
1
What is the hundred thousands digit of 168901273?
9
What is the hundred millions digit of 440764515?
4
What is the hundreds digit of 1826943153?
1
What is the units digit of 42326625?
5
What is the thousands digit of 33043867?
3
What is the hundreds digit of 22792417?
4
What is the ten millions digit of 2468823698?
6
What is the hundred thousands digit of 17981071?
9
What is the hundred millions digit of 352688732?
3
What is the millions digit of 156257771?
6
What is the hundred thousands digit of 236358013?
3
What is the thousands digit of 1871614710?
4
What is the hundred thousands digit of 337278021?
2
What is the ten millions digit of 619709152?
1
What is the hundred millions digit of 511974613?
5
What is the ten thousands digit of 11820663?
2
What is the hundred thousands digit of 8968636?
9
What is the tens digit of 55053956?
5
What is the ten thousands digit of 51068228?
6
What is the ten thousands digit of 2904365647?
6
What is the ten millions digit of 1289412386?
8
What is the millions digit of 52435538?
2
What is the ten millions digit of 637022866?
3
What is the hundreds digit of 1078260517?
5
What is the hundred thousands digit of 29163170?
1
What is the ten millions digit of 518792074?
1
What is the hundred millions digit of 869081896?
8
What is the ten thousands digit of 486132751?
3
What is the hundreds digit of 322509949?
9
What is the hundred thousands digit of 38094052?
0
What is the hundred thousands digit of 3975221613?
2
What is the hundreds digit of 210289754?
7
Wha